+ -5 - (5 + 31 + -33).
-17
8 + (0 - (-3 - 1)) + (85 - 79)
18
Calculate (6 - 15) + 9 + (-5 - -14) + 1 - -64.
74
What is the value of (1 - (-1 - -1)) + -11 + 16 + 15 + -38?
-17
Evaluate -91 + (-65 - (56 + -186)).
-26
What is (12 - (6 - (6 - 13 - -12))) + 12?
23
What is (12 - 3) + 31 + -25 - -2?
17
(2 - 3) + 0 - (15887 - 15886)
-2
Calculate -1 + -25 + 29 + 7 + -31.
-21
What is the value of 50 - 1 - (-2 + -96 - -57)?
90
-160 - (-53 - 107) - (44 + 1)
-45
Calculate -2 + -12 + (-33 - (-31 - 6)).
-10
69 + -37 - (18 + 48)
-34
What is the value of 3 + 3 + -24 - (-34 - -34) - (13 + 0)?
-31
Calculate (-4 - (-2 - -5)) + -1 - -3 - (-30 - 30).
55
(1 - -8 - 15 - -6) + (-31 - -12)
-19
What is the value of -16 + (8 - 8) - (-141 - -157)?
-32
What is 5 + -10 - 25 - (829 - 839)?
-20
(-3 - -1) + (60 - 23)
35
What is 134 - 56 - (17 - -136)?
-75
Calculate 28 - 92 - (-3 + -22) - 17.
-56
-6 + -4 + (12 - -1) + -24 + -10 + 31
0
What is the value of 27 - -1 - (-35 + 48) - (3 + -1 - -2)?
11
Calculate (1149 - 1168) + (-61 + 0 - 1).
-81
Calculate 5 + (3 + 12 - 9) + 4 + 9.
24
Evaluate 121 - (344 - 210) - (-2 + 53 - 2).
-62
What is the value of -4 - (74 - 12) - 10 - (6 - (11 - 0))?
-71
Evaluate 64 + (110 - 18) + -171.
-15
7 - (56 - 1) - (7 - (14 + 4))
-37
91 - (321 - 65 - 61)
-104
What is -19 + 17 + -85 - -77?
-10
Evaluate 31 - (-33 - 1 - (-232 - -222)).
55
What is -11 - ((20 - 25) + -16) - (-4 - -2) - -8?
20
What is (-23 - (-33 + (7 - -3))) + 1 + -11 + 66?
56
Evaluate (5 - 8 - (44 - (-1 - 0))) + (3 - -3).
-42
What is the value of (254 - 197) + (-6 - -2) + -1?
52
Evaluate 3 + -128 - (1865 - 1892).
-98
Calculate -14 + (4 + -26 - -22 - -41).
27
Evaluate 96 + (130 - 176 - -75).
125
What is 3 + (-16 - -6 - -3 - (4 + -5))?
-3
What is (20 - 6) + 0 + -3 + 11 + (16 - 14)?
24
Calculate 75 - (34 + (58 - 86)).
69
2 + 12 + 61 + (45 - -3) + -26
97
Evaluate 3 + 1 + (10 - 37) + (6 - 73).
-90
What is the value of -1 + -14 + 2 + (8 - (12 + -20 - -26))?
-23
Evaluate 18 - ((-16 - -8) + (-15 + 10 - -8)).
23
Calculate -104 + -33 + 62 + 41.
-34
Evaluate 16 + (7 - -8) + (75 - (-22 - -9)) - -15.
134
What is (7 - 7) + 1 + 43 + -3 + -1?
40
What is 88 + -1 + -278 + 123?
-68
5 + (1 - 10) + (-49 + 10 - 1)
-44
-35 - (2 + -12 + (-9 - 3 - -7))
-20
Calculate (-11 - 3) + 319 + -333.
-28
1 - (-8 + 42) - 2
-35
12 + -67 + (23 - (6 - -5)) + 12
-31
What is -3 + 51 + (-415 - -378)?
11
What is 116 - ((106 - 27) + 42)?
-5
What is 13 - ((21 - ((1 - 20) + 4 + 5)) + 12)?
-30
Calculate -5 - (-69 - -97) - -31.
-2
Evaluate 58 + -128 + -27 + 100.
3
What is the value of -2 + 9 + ((-1 - -3) + -10 - -8)?
7
What is -102 - (2 - 2) - (-133 - (-229 - -103))?
-95
Evaluate (0 - -74) + 2106 + -2134.
46
-29 + 23 + 137 + -62
69
Evaluate -95 + (-11 + 56 - 7).
-57
Calculate (1 - 78) + -3 - (3217 - 3255).
-42
What is the value of (3 + -7 - 2) + -5 - (-3 + -18) - 83?
-73
What is (38 - 177) + (12 - (-28 - -2))?
-101
What is -47 - (31 + (31 - (12 - 19)))?
-116
What is the value of 2 - (0 + (-3 - -8)) - (-14 + -1 - -133)?
-121
Calculate -3 + 7 + 52 - (-28 + 27) - (12 + -22).
67
What is -176 - (-46 + -126 + 89)?
-93
What is the value of -5416 - -5435 - (69 - -2)?
-52
What is the value of (0 - 0) + (190 - 169) - 13?
8
Calculate (-23 - -11) + -20 + 6.
-26
-45 + 0 + 8 + (36 - 96 - -43)
-54
What is -25 + -10 + -15 + (10 - -14) + 15?
-11
What is the value of 28 + (21 - (-3 + (4 - -17)))?
31
(-1 - 34) + 111 + -90 - 34
-48
What is (-350 + 346 - (-11 - (4 + -2))) + -109 - -7?
-93
-155 + (135 - 15) - ((2 - 2) + -3)
-32
Evaluate (7 - 1) + -412 + 452 + -9.
37
Evaluate 61 - (8 - 21 - (6 - 20)).
60
7 - 48 - ((-8 - 6) + (4 - -3))
-34
-57 - (5 + 17 + -37)
-42
49 - (24 - 32) - 36
21
What is 6 + (14 - -2) + 73 + (-1 - (-9 - 14))?
117
What is the value of 3 + (60 + (-12 - -18) + (-14 - -4) - 2)?
57
Calculate 24 + (-92 - (24 + -47)) + 4.
-41
Calculate (58 - 62) + (-82 - ((2 - -3) + (-2 - 6))).
-83
80 + (14 + (-59 - -22) - -14)
71
What is the value of -6 + 5 + 1 - (6 + (3 - -3))?
-12
What is the value of -134 + (114 - 19) - -31?
-8
Evaluate -54 + -13 + (11 + -9 - -8) + 1 + 8.
-48
What is (7 - (-11 - 8)) + -4 + -12 + 11?
21
What is the value of (49 - 1) + (98 - 132) + (0 - -6)?
20
What is -329 + 452 + -98 + 0 + -15 + (-1 - -3)?
12
What is 28 - 36 - -17 - (14 - (1 - -2)) - -2?
0
What is the value of 35 - (55 - 40) - 12?
8
What is 63 + (5 - -33) + (-30 - 14)?
57
Calculate 2 - (-11 + 1) - (-2770 + 2779).
3
Calculate 14 - ((120 + -77 - 38) + -138 + 1) - 3.
143
-7 + 56 + (55 - 126)
-22
-134 - -43 - (-146 - -108)
-53
What is 143 - (168 - 74) - -69?
118
Evaluate -28 - (-58 - -16) - (1 - 30).
43
What is the value of -20 + 26 - (14 + -6 - (53 + -11))?
40
What is 56 - (24 + 17 + 32)?
-17
Evaluate 4 + 75 - (14 + (32 - (15 + 35))).
83
What is 6161 - 6115 - (0 - -26)?
20
What is -28 + 49 + (-34 - -4) - (-3 - (0 - -76))?
70
Evaluate -22 - (-5 - 5) - (33 + -33 - (-14 + -1)).
-27
Evaluate -1 + (-2 + (1 - -2 - 9) - -14).
5
What is the value of -129 + (15 - -46 - 31)?
-99
What is ((-5 - 32) + 31 - 97) + 18 + 1?
-84
Calculate (23 - (8 - 13)) + 7 + -11 + -9.
15
Evaluate 2 + 5 - 5 - (-60 - -95) - -3.
-30
Calculate (-1 - -4) + -10 + -5 + (-12 - -8) + 51.
35
Calculate (-10 + 36 - (-1 + 19) - 22) + 53.
39
What is the value of -1 - -14 - (-276 + 251 + -1 + -1 + 97)?
-57
What is (1 - 20) + (-3 - (-1 - (-3 + -10))) + 3?
-31
What is the value of (-1 - (-5 + 2)) + -20 + -23 + 1 + -7?
-47
What is (-68 - -1) + -80 + (15 - -87)?
-45
Evaluate 1 + 9 + -1387 + 1275 - -31.
-71
What is the value of (-140 - -73) + 77 - (4 + 94 + -1)?
-87
-31 + (20 - -71) + (-5 - -9)
64
What is the value of -57 + (4 + -13 + -5 - (9 + (23 - 42)))?
-61
-39 + (26 - -29) + 1
17
Calculate (-46 - 8) + (-6 - -103).
43
What is the value of -19 - ((-39 - -3) + -10)?
27
What is 2 - -2 - (18 + (-12 - 3) + -11) - 1?
11
25 + -12 - ((-13 - -8) + 37)
-19
Calculate -1 + 37 - ((-10 - (-25 + 11)) + 2 + -4).
34
What is the value of 39 - ((2 - -6 - -8) + -70)?
93
Calculate (-18 - (-2 - 0)) + -110 + 101.
-25
Calculate -35 + 6 + 5 - (22 + -34 - -27).
-39
Evaluate 16 + -10 - ((1 + -2 - (-12 - -4)) + -13).
12
Evaluate -1 - -103 - (11344 + -11297).
55
15 + -1 + (-1 + 9 - (-20 + 20 + 0))
22
Evaluate -20 - -67 - 37 - (5 + 1) - -4.
8
What is the value of (-136 - (18 - 41)) + 59?
-54
Evaluate -17 - (16 - (1 + -7 + (-349 - -360))).
-28
Calculate 30 + -68 + 24 - (-10 - -8).
-12
Evaluate (-575 - -500) + (139 - 5).
59
7 + -23 + 15 + -1 + 20 + -6
12
What is 18 + -89 - -16 - ((-1 - -2 - 2) + -6)?
-48
(2 - 2) + -39 - (11 - 5 - (-19 - -13))
-51
What is (2 - -14) + 574 + -690 + (0 - 24)?
-124
What is the value of (-6 - ((-22 - (-14 + 3 + 4)) + 10)) + 3?
2
What is the value of 8 + -3 + (-173 - -27) + 41 + -1 + 12?
-89
-33 + (11 - (5 + 22 + -2 + -5))
-42
-7 + -12 - (26 - 63 - 2)
20
46 + 15 + -69 + -57
-65
Calculate -6 + -1 - (25 - 31).
-1
What is the value of (-6 + -34 + -3 - -6) + (-1 - 9)?
-47
What is -94 - (93 + 27 - 116)?
-98
What is the value of 43 - (-10 - (2 - 2) - (65 + -14 + -58))?
46
What is the value of 15 - (56 + (-24 - 40) + 38)?
-15
What is 63 + (-4 - 9) + -22 - 154?
-126
Calculate 27 + 15 + (-18 - (-20 + 29)).
15
Calculate -85 + (49 + -98 - -126).
-8
(111 - 0) + (0 - (-32 + 15)) + -2
126
67 + -93 + (1 + 6 - 3)
-22
Calculate (-11 - (-4 - 13)) + (-9 - 2) + 20.
15
Calculate 68 - 50 - -26 - 37 - (1 + (2 - 10)).
14
Evaluate (-551 - -527) + (33 - -1) - (45 + 1).
-36
Evaluate -1 + -25 - ((-49 - 31) + 26).
28
Calculate 158 + 86 + -195 - (-30 + 0).
79
Evaluate -44 + 35 + -9 - -44.
26
Evaluate -12 + (-5 - -7 - 3) - (-135 - -76).
46
What is the value of 0 - -53 - (-275 + 363)?
-35
What is the value of (-33 - -18) + (11 - 3) + -26 + (0 - 1)?
-34
Calculate 3 - -40 - (818 - 757).
-18
What is the value of -2 + -2 + 9 - (107 + -131)?
29
What is the value of 62 + 2 + -23 + -201 + 218?
58
Evaluate (-14 + 36 - 12) + -5 + -6 + 0 + 0.
-1
Calculate -3 - (14 - 6 - -49) - (82 - 98).
-44
What is the value of (740 - 761) + (19 - -1)?
-1
42 - (26 - 17) - 10
23
What is the value of 14 + (1 - (1 - 0)) + 100 + -459 + 231?
-114
What is the value of 8 + 57 + (-11 - -22) + -26?
50
Calculate (7 - 3) + (8 - (69 - 62)) + -141 + -2.
-138
-78 + 106 - (71 + -8 + -2)
-33
What is the value of -74 - (-19 + 31 + -3 + -3 + 1 - -2)?
-83
What is -99 + 85 - (-3 + 5 + -17) - -1?
2
8233 